
5
Suppose -330 = p - 3*p. Suppose -4*s = -0*s - 4, -3*s + p = 3*f. What is the tens digit of f?
5
Let v = -10 + 5. What is the units digit of ((-6)/v)/(3/10)?
4
Let m = 263 - 138. What is the units digit of m?
5
Let s be -8*-1*(-3)/(-6). Let i be 8/12*(-6)/s. Let m(v) = -9*v - 1. What is the units digit of m(i)?
8
Let i = 77 - 54. Suppose 0 = v - 8 - i. What is the units digit of v?
1
Suppose 4*o = -0*c - c - 3, 4*c - 63 = -o. What is the units digit of c?
7
Let h(x) = -13*x + 9. Let l be h(-8). Let p = -81 + l. What is the units digit of p?
2
Let a(i) be the second derivative of 17*i**3/6 + i**2/2 - i. Let q be (12/6)/(1 + 1). What is the tens digit of a(q)?
1
Suppose -9 = 3*i + 5*c, -2*i = 2*i + 3*c + 23. Let h = i - -23. Suppose 0*t = 5*t - h. What is the units digit of t?
3
What is the units digit of 22/2*(2 - 1)?
1
Suppose -5*r + 0*j + 24 = j, 5*j = -4*r + 36. Let t = -4 + r. Suppose t = 5*i - 0*i - 15. What is the units digit of i?
3
Let d = 16 - -12. What is the units digit of d?
8
Suppose 0 = -2*g + 3*u + 79, 0 = 3*g - 7*g - 2*u + 118. Suppose 0 = d - 5*d + g. What is the units digit of d?
8
Let b(z) = 136*z - 22. What is the hundreds digit of b(2)?
2
Let j(w) = w**2 + 3*w + 14. What is the tens digit of j(-6)?
3
Let z = -11 - 12. Suppose 6 = -4*v - 14, -56 = -2*d - 4*v. Let m = z + d. What is the units digit of m?
5
Suppose 2*w - w + 2*t - 6 = 0, 5*t - 15 = -5*w. Suppose w = -3*o - 3*z + 18, -3*z - 29 = -3*o + 1. What is the units digit of o?
8
Suppose a - 2*a + 11 = 0. Let f(c) = -5*c - 2. Let t be f(-1). Let b = a + t. What is the units digit of b?
4
Suppose 0 = -4*k + 3*c + 25, 6*k - k = -2*c + 14. Suppose -3*m + 2 + k = 0. Suppose -2 = x - m*x. What is the units digit of x?
2
What is the tens digit of (35/(-10))/(6/(-72))?
4
Let f(p) = p - 6. Let a(i) = i**2 - 6*i - 1. Let g be a(7). Let w be f(g). Suppose -5*q + 3*m + 46 = -0*q, -3*q - 2*m + 20 = w. What is the units digit of q?
8
Suppose 7*h - 2*h = -30. What is the units digit of (2 + 7/(-2))*h?
9
Let f be (-4)/14 - 32/(-14). Let p(u) = u**3 - 2*u + 3. What is the units digit of p(f)?
7
Let u = -19 - -19. Let p(c) = -c**3 - c + 4. What is the units digit of p(u)?
4
Let f(l) = -l**3 + 11*l**2 - 11*l - 9. What is the units digit of f(8)?
5
Let q = -60 - -119. What is the units digit of q?
9
What is the hundreds digit of (-10)/55 - 2312/(-11)?
2
Suppose -405 = -7*a + 4*a. What is the tens digit of a?
3
Suppose -2*y = -6*y + 148. What is the units digit of y?
7
Let m(y) = -y**2 - 10*y + 11. Let n be m(-8). Suppose -n - 8 = -g. Suppose -2*h - 3*h + g = 0. What is the units digit of h?
7
Let s be ((-15)/4)/(2/(-8)). Suppose -4*v = v - s. What is the units digit of v?
3
Let b = -19 + 5. Let p be -1 - 1/(2/b). What is the units digit of p/(-27) + 76/18?
4
Let g(n) be the third derivative of n**4/12 - 2*n**3 + 2*n**2. Let b be g(8). Suppose -1 + 0 = r, -3*a = -b*r - 31. What is the units digit of a?
9
Let d(m) = m**2 - 2*m**2 - 1 + 3*m**3 + m + 0*m**2. What is the units digit of d(2)?
1
Let v = -112 - -157. What is the units digit of v?
5
Suppose -o = 2*n - 2, 2*o + n + 2 = 3. Suppose o = -0*g - 3*g - 15, 5*s - g = 145. What is the units digit of s?
8
What is the units digit of -2*(6 + -4) - -16?
2
Suppose -3*x = -72 - 45. What is the tens digit of x?
3
What is the units digit of (0 + -1 + -10)*-27?
7
Suppose 12 = -b + 4*b. Suppose 0 = z - b*m, 0 = 3*z - 2*z - 5*m. Suppose z = -k - k - 8, 4*h = -k. What is the units digit of h?
1
Let r = 12 - 5. What is the units digit of r?
7
Let f(i) = -3*i - 1. Let y be f(-1). What is the units digit of (3/(-2) + y)*2?
1
Suppose -5*s = -7*s + 68. What is the tens digit of s?
3
Let h = -46 + 66. What is the tens digit of h?
2
Let i = -21 - -28. What is the units digit of i?
7
Suppose -t + 2*y + 12 = 0, -3*t - 5*y + 45 = 2*t. Suppose -3*a + 14 = -t. What is the units digit of a?
8
Let t be 2/(-8) + 179/(-4). Let p = 124 + t. Suppose -p = -5*y + 16. What is the units digit of y?
9
Let y = 387 + -226. What is the hundreds digit of y?
1
Let z = 2 + 18. Suppose -m = -5*o - 20, 0*o - z = -m + 4*o. What is the tens digit of m?
2
Suppose 2*l - s - 380 = 0, -2*l + 7*l + 2*s - 968 = 0. What is the hundreds digit of l?
1
Let g(r) = -20*r**3 - 2*r + 1. Suppose -3*m + 2 + 1 = 0. Let v be g(m). Let c = -7 - v. What is the units digit of c?
4
Let o = 3 + -6. Let s be (o - (-1 - 2))/2. Let z(m) = m**2 - m + 20. What is the tens digit of z(s)?
2
Suppose 4*c = i + 4*i + 21, 3*i = -c - 16. Let o(y) = -3 - 5 + 3 - y + 1. What is the units digit of o(i)?
1
Suppose -11 - 4 = 3*g, 3*g = 4*w - 287. What is the units digit of w?
8
What is the hundreds digit of (216/10 + 2)/((-2)/(-20))?
2
Let n = -723 - -1023. What is the units digit of n?
0
What is the tens digit of (78/52)/((-6)/(-200))?
5
Let o(t) = -t + 1. Let z be o(-3). Suppose 42 = z*f - 14. Suppose -k + 13 = 2*s, 4 = -k + s + f. What is the units digit of k?
1
Let a = 15 - 21. Let v = a - -32. What is the units digit of v?
6
Suppose -2*z = 4*j + 5392, -4*j - 4635 = -5*z + 785. What is the units digit of (2/(-6))/(10/j)?
5
Let x be (1 + -4 - -4)*(-6 + 3). Let d(t) = 5*t**2 + t + t**3 - 2*t + 5*t. What is the units digit of d(x)?
6
Let g(d) = 54*d - 19. What is the units digit of g(2)?
9
Let s be (-4 - -2)*1*-6. Suppose 3*m - 11 = -2*f + 5, 2*f - s = -m. What is the units digit of m?
2
Let f(x) = -x**3 - 2*x**2 - 4*x - 3. Let t be f(-2). Suppose n = -4*y + 5*n + 28, -23 = -t*y + 2*n. Let m(v) = -v**2 + 3*v + 3. What is the units digit of m(y)?
3
Suppose -q - 4*r + 0*r = 15, 0 = -4*q + r + 8. Suppose -3*o + 5*n + 9 = q, -5*o + 20 = -5*n. What is the units digit of o?
6
Let f = -77 + 160. What is the units digit of f?
3
Suppose 5*g = 2*g + 33. Let d = 12 - g. What is the units digit of d?
1
Let z(a) = -a**3 - 9*a**2 + 4. Let j be z(-9). Let u be (-36)/(-10)*(0 - -10). Suppose -4 = -4*p - 4*s + u, p + j*s = 1. What is the tens digit of p?
1
Suppose 4*h + 128 = -0*h - 5*z, -5*z = 0. Let p = 47 + h. What is the units digit of p?
5
Let i = 14 + -7. Let c(d) = d**3 - 6*d**2 - 8*d + 7. Let z be c(i). Let p = z + 4. What is the units digit of p?
4
Suppose -4*m = 9 + 11. Let o(g) be the second derivative of -g**5/20 - g**4/2 - 7*g**3/6 - 3*g**2 - g. What is the units digit of o(m)?
4
Suppose 762 = -5*b + 11*b. What is the hundreds digit of b?
1
Let n(g) = g + 8. Let h be n(-6). Suppose 2*u = -h*u + 16. What is the units digit of u?
4
Let v be (4/3)/(8/12). Let g(s) = -3*s**2 + 0*s**v - 2*s**3 + 0*s**3. What is the units digit of g(-2)?
4
Let y be (-4)/(-6)*6*1. Let z(l) = l - 1. What is the units digit of z(y)?
3
Suppose 0 = -5*r - 7 - 8, -r - 7 = -2*i. Suppose -3*m + 37 = 2*t, -5*t + 127 = -i*m - 2*m. What is the tens digit of t?
2
Suppose -3*z = -z + 64. Let b = 47 + z. What is the tens digit of b?
1
Suppose 2*k = -0*z - 2*z + 8, 0 = 4*k + z - 13. Suppose 2*w + 0 = -5*j - 8, -k*j - 20 = 5*w. What is the units digit of 12/(-2)*(j + -1)?
6
Suppose -4*h - 1 = 5*b - 12, -18 = -5*h - 2*b. Suppose -l - 5*c = h*l - 55, 4*c - 5 = -l. What is the tens digit of l?
1
Suppose 5*g = 84 + 516. What is the hundreds digit of g?
1
Suppose -3*i + 17 = -0*r + 2*r, 3*r - 15 = -3*i. What is the tens digit of 331/i - (-8)/(-28)?
4
Let q(n) = n**2 - 4*n + 2. Let i(k) = -k**3 + k - 2. Let v be i(-2). Suppose -3*u = 2*m - 16, v*u = -3*m - 4 + 26. What is the units digit of q(u)?
2
Suppose 5*h - 442 = 3*h - 3*o, -h + 2*o = -235. What is the hundreds digit of h?
2
Let b(z) = -72*z**3 - 2*z**2 + z + 2. What is the units digit of b(-1)?
1
Suppose 0 = 4*q - 26 + 102. Let b = q - -34. Suppose 3*u - b - 2 = -4*r, u - 9 = -3*r. What is the units digit of u?
3
Suppose -9*d - 4*v + 47 = -4*d, 5*d - 3*v = 26. What is the units digit of d?
7
Suppose 3*s - 2 - 3 = 5*h, 0 = 4*h + 2*s - 18. Suppose z + 6 = -4*p, 6 = -h*p - 0. What is the units digit of z?
6
Suppose 4*x - a = 128, -2*a = -a. What is the units digit of x?
2
Let n(v) = 2*v - 2. Let c be n(3). Suppose m - 5 = -c*m. What is the units digit of m?
1
Suppose -2*v + 4*j + 114 = 0, -5*v = -0*j + 3*j - 311. What is the tens digit of v?
6
Let x = 3 - -3. Suppose -d = -2*p - x*d + 23, 3*d - 10 = -p. What is the tens digit of p?
1
What is the hundreds digit of (2/6)/(1/417) - 2?
1
Let g = -1 - -5. Suppose 5*